t is the hundreds digit of 1152 - 10 - (2 - 7)?
1
Let l(p) = -p**3 - 3*p**2 - 13. Let b be l(-4). Suppose -2*y + 44 + 91 = i, b*y = 4*i - 562. What is the units digit of i?
9
Let k(a) = -2*a + 4. Let y be (-8)/(-6) - (-18)/27. Let v be k(y). Suppose v = 5*i - 0*i - 110. What is the units digit of i?
2
Let o = 48 - -144. What is the hundreds digit of o?
1
Let x(y) = -5*y**2 + 3*y + 11. Let v be x(5). Let t = v - -178. What is the units digit of t?
9
Let i(n) = 2*n**3 - 3*n**2 - 50. What is the thousands digit of i(9)?
1
Let u be 4/6 + 273/63. Suppose u*m - 28 = -v, 0 = -v + 6*v + 5*m - 140. What is the units digit of v?
8
Let h(b) = b**2 + 11*b - 68. What is the hundreds digit of h(11)?
1
Let p = -13 - -8. Let k be (p/(-3))/((-7)/(-21)). Suppose -133 = -k*g + 37. What is the units digit of g?
4
Suppose 0 = -2*n - n + 195. What is the units digit of n?
5
Suppose 0 = -3*p - 2*o + 7 + 6, 5*p = -o + 24. Suppose 374 - 24 = p*a. What is the tens digit of a?
7
Let y(w) = -2*w**2 - w - 4. Suppose g + 2*p + 8 = 0, -4*p - 20 = -2*g + p. Let f be y(g). What is the units digit of 15/6 + f/8?
2
What is the hundreds digit of (1142/(-5))/(84/(-210))?
5
Suppose 0 = -3*k - s + 5, -6*s = 5*k - s - 25. Suppose k + 6 = z. What is the units digit of z?
6
Let m be 1/((1 + -2)/(-6)). Suppose 22 = 4*t - m. What is the units digit of t?
7
Let p be (18/(-3))/(-2) + -4. What is the tens digit of (4 - 7) + p - -52?
4
Let r = 7 - -2. Let n be r + 2*(-4)/8. What is the tens digit of 162/n - (-3)/(-12)?
2
Let z(c) = -5*c**2 + 2. Let d(v) = 5*v**2 + v - 2. Let o(r) = -2*d(r) - 3*z(r). Let y = 34 - 36. What is the units digit of o(y)?
2
Let v(i) = 6*i**2 + 13*i + 3. Let g be v(-6). Suppose 16*r - 13*r = g. What is the units digit of r?
7
Let u(q) = 30*q + 4. Let i be u(1). Let k = i + 66. What is the tens digit of k?
0
Suppose 4*q - 3 = 9. Suppose -t = 5*f + q + 5, -4 = f. What is the tens digit of t?
1
Let m(i) = i + 11. Let a be m(-6). Let r(s) = -3*s**2 + 1 + 0*s**2 + 10*s - 3*s**2 + a*s**2. What is the tens digit of r(7)?
2
Let i(t) = 5*t + 2. Let w(p) = p**3 - 10*p**2 - 4. Let h be w(10). Let y(q) = -5*q - 2. Let f(m) = h*i(m) - 5*y(m). What is the units digit of f(2)?
2
What is the thousands digit of 1/(-1)*((-79664)/16 - -13)?
4
Suppose -21*h + 698 = 236. What is the units digit of h?
2
Let n(p) = -5*p - 44 - 15 - 16 - 3*p. What is the units digit of n(-17)?
1
Let c(v) be the second derivative of -v**3/3 + 7*v**2/2 + 7*v. Let q be c(0). Suppose 0 = -9*k + q*k + 110. What is the units digit of k?
5
Let k be ((-12)/18)/(4/18). Let j(f) = f + 7. What is the units digit of j(k)?
4
Let x = 428 - -276. What is the hundreds digit of x?
7
Let a(s) be the third derivative of s**6/120 + s**5/5 + 2*s**3/3 - 5*s**2. What is the units digit of a(-12)?
4
Suppose m = 4*w - 37, 0*w - 7 = -4*w - 5*m. What is the units digit of w?
8
Let b(c) = c**2 + c - 15. Let g = -46 - -60. What is the hundreds digit of b(g)?
1
Let v = 409 + 286. What is the tens digit of v?
9
Let t be 3*1/(6/10). Suppose 0 = -t*j + u + 38, -4*j - 2*u + 26 = -5*u. What is the tens digit of (-13)/(((-4)/j)/1)?
2
Suppose 42 = 4*g - 5*i, 5 = 2*i + 9. Suppose -g*p + 152 = 16. What is the tens digit of p?
1
Let w be (-5)/20*0 + 3. Suppose -w*c + 1330 = 349. What is the units digit of c?
7
Let c be (-8 - -7)/((-2)/164). Let t = c + -68. What is the tens digit of t?
1
Suppose p - 4 = -0*p. Suppose p*q - 194 = 2*q. Let m = q + -23. What is the units digit of m?
4
Let z = -17 - -16. What is the tens digit of z/(24/(-12) + (-210)/(-106))?
5
Let q = 459 - 453. Let j be 1 + (0 - 1) + -1. What is the tens digit of 228/q - (j + 0)?
3
Let d(n) = n**3 + 8*n**2 + 6*n - 10. Let m(i) = 2*i**2 + 12*i + 4. Let j be m(-5). What is the units digit of d(j)?
6
Suppose -b + 4*v = -0 + 1, -1 = -v. What is the tens digit of (287 + 4)/b + -1?
9
Let x(t) = -t. Let h(l) = -l**2 - 3*l - 6. Let k(v) = -h(v) - 6*x(v). Let b be k(-10). Let u = 19 - b. What is the units digit of u?
3
Suppose -12 = -g + 2*v, 0 = -g - 3*v - v - 12. Suppose 62 = -3*d - 4*u, 61 + 3 = -4*d + g*u. Let y = 24 - d. What is the units digit of y?
2
Suppose 6*g = 1727 + 361. Suppose 0 = 3*h + 4*r - 35 - 497, 2*h + 4*r - g = 0. What is the tens digit of h?
8
Suppose -2*q = 5*u + 240 + 331, 3*u = 3*q - 351. Let c = u + 196. Let r = c + -44. What is the units digit of r?
7
Let h(o) = -o**2 + 10*o - 12. Let n be h(5). Let j be (-38)/(-6) + (-1)/3. Suppose n = j*d - 5*d. What is the tens digit of d?
1
Let f = -176 + 340. What is the tens digit of f?
6
What is the hundreds digit of -1515*(27/(-270) - 3/10)?
6
What is the hundreds digit of ((-69)/6*6)/((-48)/1696)?
4
Let s(d) = -3*d + 26. Let t be s(0). Let z be (84/(-4) - -3)/(-1). Let n = t - z. What is the units digit of n?
8
Let w = -571 + 977. What is the units digit of w?
6
Let z(y) = -y**3 - 18*y**2 - 2*y + 56. What is the units digit of z(-19)?
5
What is the units digit of (-2)/(1*10/(-2535))?
7
Suppose c = -4*h + 2666, -2*h + 38*c = 36*c - 1328. What is the tens digit of h?
6
Suppose -3*a = x - 2488 + 70, 0 = 4*a - 5*x - 3224. What is the hundreds digit of a?
8
Let n(l) = l**3 + 2*l**2 - 7*l + 3. Let v be n(-4). Let g be (-5)/(-1) + (v - 1). What is the units digit of (-6)/g*(1 + -2)?
2
Suppose -3*y - 39 = -4*r, -3*y = y + 20. Let c(a) be the second derivative of -a**5/20 + 2*a**4/3 - 2*a**3/3 - 5*a**2/2 + 18*a. What is the tens digit of c(r)?
4
Suppose -4*a - 4*y = -24, -a + 4*y - 10 = -1. Suppose -t + 17 = d, -3*t - 42 = -a*d - 9. What is the tens digit of d?
1
What is the hundreds digit of (-6)/(-33) - (-3 + 4145/(-11))?
3
Let b be (-1)/(-1) - (12 - 4). Let z(h) = h**2 + 4*h + 1. Let m be z(b). Suppose -4*x - 2*c + 0 = -m, -2*x = 5*c - 31. What is the units digit of x?
3
Suppose b - 2*b + 101 = -5*h, 5*h + 3*b + 97 = 0. What is the units digit of (-3)/(-5) - (1 - (-3168)/h)?
8
Suppose -9 = -5*t + 1. What is the tens digit of (t - 7)*(-7 + 4)?
1
Let k be (-2)/(5/(-1220 + 0)). Suppose -2*b = -4*x + 2*b + k, -2*x = 5*b - 209. What is the hundreds digit of x?
1
Suppose 0 = 2*t + 5 - 29. Let b = t - -5. Suppose 2*x + 0*q - 22 = -4*q, x - q - b = 0. What is the tens digit of x?
1
Let q(a) = -6*a + a + a - 14 + a. What is the units digit of q(-5)?
1
Suppose 5*b - 1310 = 3420. What is the hundreds digit of b?
9
Suppose -3*a = 2*a - 5. Suppose -8 = -o + a. Suppose -3*c - o = 0, c - 4*c = 3*x - 54. What is the units digit of x?
1
Suppose 3*l - 4*l = 1. Let h = l - 2. Let s(g) = -3*g**3 - 4*g**2 - 4*g + 1. What is the units digit of s(h)?
8
Let s(y) = -y**3 + 6*y**2 - 5*y + 4. Let r be s(5). Suppose -v + r*v = 0. Suppose 5*c - 4*b = b + 90, c - 3*b - 10 = v. What is the tens digit of c?
2
Let d = 1458 + -898. What is the units digit of d?
0
Suppose 0 = 3*d + 2*a + a - 2592, 4*d - 4*a - 3448 = 0. What is the units digit of d?
3
Let w be 4/(-6)*(-27 + -3). Suppose -w - 152 = -f. What is the hundreds digit of f?
1
Suppose -4*p - 33 = -5*l - 12, 3*p = 3*l - 12. Let j(x) = -180*x**3. Let u(o) = o**3. Let t(r) = -j(r) - 150*u(r). What is the tens digit of t(p)?
3
Let b be (2084/8)/(-1 - (-6)/4). Suppose 4*w + 4*j - 828 = 0, -2*w - 5*j + b - 113 = 0. What is the hundreds digit of w?
2
Suppose 11609 = -25*z + 54484. What is the units digit of z?
5
Let r(n) = 3*n - 15. Let x be r(6). Suppose 0 = -3*h - x*t - 6 + 21, 4*t - 11 = -h. Suppose h = 3*j + 3*d, -j + 5*d + 18 = -1. What is the units digit of j?
4
Suppose 12 = -d - 3*b, 4*d + 2*b = -4 - 14. Let m be ((-8)/d)/((-2)/48). Let i = m + 101. What is the units digit of i?
7
Let a be ((-10)/10)/((-1)/(-4)). Let h(p) = -p**3 - 3*p**2 + 3*p. Let v be h(a). Suppose 109 = 5*x + 4*m + 35, 0 = 4*x - v*m - 88. What is the units digit of x?
8
Let x = 3047 - 1563. What is the tens digit of (-2)/(-12) + x/24?
6
Suppose 12*j - 62 = 14*j. What is the tens digit of -1 + 3 + (-4 - -2) - j?
3
Let z = -15 + 35. Let j = 95 + z. What is the units digit of j?
5
Suppose 2*b - 641 = 703. What is the hundreds digit of b?
6
Let h(t) = 14*t**2 - 2*t - 1. Let o be (-12 - -11) + (-2 - -1). What is the tens digit of h(o)?
5
Let x(d) = 15*d**2 - 2*d + 3. Let p be x(2). What is the tens digit of (0 - (4 - 1)) + p?
5
Let y(p) = -p**2 - 9*p + 14. Let m be y(-10). Suppose 0*t = -m*t + 16. What is the units digit of (t + -1